{"id":695,"date":"2023-11-17T07:09:40","date_gmt":"2023-11-17T13:09:40","guid":{"rendered":"https:\/\/ogt.mx\/?post_type=product&#038;p=695"},"modified":"2024-05-22T12:13:48","modified_gmt":"2024-05-22T17:13:48","slug":"crayolas-docena","status":"publish","type":"product","link":"https:\/\/ogt.mx\/index.php\/product\/crayolas-docena\/","title":{"rendered":"Crayolas (Docena)"},"content":{"rendered":"","protected":false},"excerpt":{"rendered":"<p><span style=\"font-weight: 400;\">Regala estas divertidas tarjetas para colorear.\u00a0 Son un obsequio ideal para fiestas de ni\u00f1os peque\u00f1os o para mantener a los peques entretenidos en tus eventos de adultos. <\/span><\/p>\n<p><span style=\"font-weight: 400;\">Incluye tres crayolas econ\u00f3micas.\u00a0<\/span><\/p>\n<p><span style=\"font-weight: 400;\">Solo dinos el tema o personaje que est\u00e1s buscando y lo hacemos para ti, ser\u00e1 muy divertido para que los ni\u00f1os coloreen y lo puedes convertir en parte de tu memorabilia.<\/span><\/p>\n<p><span style=\"font-weight: 400;\">Medida aproximada: 20 x 15 cm<\/span><\/p>\n","protected":false},"featured_media":788,"comment_status":"open","ping_status":"closed","template":"","meta":{"om_disable_all_campaigns":false,"_monsterinsights_skip_tracking":false,"_monsterinsights_sitenote_active":false,"_monsterinsights_sitenote_note":"","_monsterinsights_sitenote_category":0},"product_brand":[],"product_cat":[57,32,27,58,46,53,15,34],"product_tag":[],"class_list":{"0":"post-695","1":"product","2":"type-product","3":"status-publish","4":"has-post-thumbnail","6":"product_cat-bautizo","7":"product_cat-bodas","8":"product_cat-graduaciones","9":"product_cat-navidad","10":"product_cat-primera-comunion","11":"product_cat-recuerditos","12":"product_cat-uncategorized","13":"product_cat-xv","15":"first","16":"outofstock","17":"shipping-taxable","18":"purchasable","19":"product-type-simple"},"aioseo_notices":[],"_links":{"self":[{"href":"https:\/\/ogt.mx\/index.php\/wp-json\/wp\/v2\/product\/695","targetHints":{"allow":["GET"]}}],"collection":[{"href":"https:\/\/ogt.mx\/index.php\/wp-json\/wp\/v2\/product"}],"about":[{"href":"https:\/\/ogt.mx\/index.php\/wp-json\/wp\/v2\/types\/product"}],"replies":[{"embeddable":true,"href":"https:\/\/ogt.mx\/index.php\/wp-json\/wp\/v2\/comments?post=695"}],"wp:featuredmedia":[{"embeddable":true,"href":"https:\/\/ogt.mx\/index.php\/wp-json\/wp\/v2\/media\/788"}],"wp:attachment":[{"href":"https:\/\/ogt.mx\/index.php\/wp-json\/wp\/v2\/media?parent=695"}],"wp:term":[{"taxonomy":"product_brand","embeddable":true,"href":"https:\/\/ogt.mx\/index.php\/wp-json\/wp\/v2\/product_brand?post=695"},{"taxonomy":"product_cat","embeddable":true,"href":"https:\/\/ogt.mx\/index.php\/wp-json\/wp\/v2\/product_cat?post=695"},{"taxonomy":"product_tag","embeddable":true,"href":"https:\/\/ogt.mx\/index.php\/wp-json\/wp\/v2\/product_tag?post=695"}],"curies":[{"name":"wp","href":"https:\/\/api.w.org\/{rel}","templated":true}]}}