{"id":269,"date":"2023-06-12T12:03:08","date_gmt":"2023-06-12T17:03:08","guid":{"rendered":"https:\/\/ogt.mx\/?post_type=product&#038;p=269"},"modified":"2024-05-22T12:19:04","modified_gmt":"2024-05-22T17:19:04","slug":"plantilla-para-manga-alas","status":"publish","type":"product","link":"https:\/\/ogt.mx\/index.php\/product\/plantilla-para-manga-alas\/","title":{"rendered":"Plantilla para Manga Alas"},"content":{"rendered":"<p>Al hacer tu compra descargas la plantilla tama\u00f1o carta para hacer este dise\u00f1o t\u00fa mismo. Solo la imprimes en el papel o cartulina que gustes siempre y cuando entre en tu impresra, recortas y listo!. Obtienes un instructivo para que te sea m\u00e1s f\u00e1cil.<\/p>\n","protected":false},"excerpt":{"rendered":"<p>Plantilla digital para hacer este dise\u00f1o<\/p>\n","protected":false},"featured_media":331,"comment_status":"open","ping_status":"closed","template":"","meta":{"om_disable_all_campaigns":false,"_monsterinsights_skip_tracking":false,"_monsterinsights_sitenote_active":false,"_monsterinsights_sitenote_note":"","_monsterinsights_sitenote_category":0},"product_brand":[],"product_cat":[33,32,35,39,27,46,15,34],"product_tag":[],"class_list":{"0":"post-269","1":"product","2":"type-product","3":"status-publish","4":"has-post-thumbnail","6":"product_cat-baby","7":"product_cat-bodas","8":"product_cat-despedidas","9":"product_cat-gender-party","10":"product_cat-graduaciones","11":"product_cat-primera-comunion","12":"product_cat-uncategorized","13":"product_cat-xv","15":"first","16":"outofstock","17":"downloadable","18":"virtual","19":"purchasable","20":"product-type-simple"},"aioseo_notices":[],"_links":{"self":[{"href":"https:\/\/ogt.mx\/index.php\/wp-json\/wp\/v2\/product\/269","targetHints":{"allow":["GET"]}}],"collection":[{"href":"https:\/\/ogt.mx\/index.php\/wp-json\/wp\/v2\/product"}],"about":[{"href":"https:\/\/ogt.mx\/index.php\/wp-json\/wp\/v2\/types\/product"}],"replies":[{"embeddable":true,"href":"https:\/\/ogt.mx\/index.php\/wp-json\/wp\/v2\/comments?post=269"}],"wp:featuredmedia":[{"embeddable":true,"href":"https:\/\/ogt.mx\/index.php\/wp-json\/wp\/v2\/media\/331"}],"wp:attachment":[{"href":"https:\/\/ogt.mx\/index.php\/wp-json\/wp\/v2\/media?parent=269"}],"wp:term":[{"taxonomy":"product_brand","embeddable":true,"href":"https:\/\/ogt.mx\/index.php\/wp-json\/wp\/v2\/product_brand?post=269"},{"taxonomy":"product_cat","embeddable":true,"href":"https:\/\/ogt.mx\/index.php\/wp-json\/wp\/v2\/product_cat?post=269"},{"taxonomy":"product_tag","embeddable":true,"href":"https:\/\/ogt.mx\/index.php\/wp-json\/wp\/v2\/product_tag?post=269"}],"curies":[{"name":"wp","href":"https:\/\/api.w.org\/{rel}","templated":true}]}}